 -q + 18 = 3*v, -q - 2*v + 31 - 17 = 0. Determine z(q).
4
Let s(k) = -14*k - 3*k - 3*k**3 + 3*k**2 + 7*k**3 - 3*k**3 + 4. What is s(-6)?
-2
Let m(n) = 2*n - 1. Let l = 232 - 230. Determine m(l).
3
Let z = -1087 - -1089. Let d(a) be the third derivative of 0 - 1/6*a**3 + 0*a - 9*a**z - 1/24*a**4. Determine d(-5).
4
Let q = -14 + 18. Let b(p) = p**3 - 4*p**2 - p + 3. Give b(q).
-1
Let r(q) = -q**2 - 2*q + 7. Suppose -i + 4 + 1 = 0. Suppose -1 = i*n + 24. Give r(n).
-8
Let a(r) = -2*r + 11. Let c be a(3). Let t(j) = -10*j**3 + 6 - 9*j**3 + 6*j**2 - 3*j + 18*j**3. Give t(c).
16
Let g(p) be the third derivative of 0*p - 1/12*p**5 - p**2 - 1/24*p**4 - 5/6*p**3 + 0 + 1/120*p**6. Calculate g(5).
-10
Let x(m) = m**2 + 16. Let t be 8/2 - (6 + -8)*-2. What is x(t)?
16
Suppose -5 = -5*i + 10. Let g(b) = -i + b**3 + 160*b - 160*b + 2*b**2. Give g(-3).
-12
Let d(h) be the first derivative of -h**4/24 + h**3/6 - h**2/2 - 3. Let b(l) be the second derivative of d(l). Let x = 10 + -6. Calculate b(x).
-3
Let m(o) be the first derivative of o**4/4 - 11*o**3/3 + 9*o**2/2 + 8*o + 67. Calculate m(10).
-2
Suppose v + u = 13, 30*u - 7 = v + 26*u. Let r(b) = -b**2 + 10*b - 10. Calculate r(v).
-1
Let f(w) = 25 - 86 + 4*w + 31 + 27. Calculate f(-4).
-19
Let p be (-2)/(-5)*(15 + -10)*-5. Let g be (-2)/(p/5) + 2/(-2). Let z(f) = -f - 12. Give z(g).
-12
Let a(v) be the second derivative of -v**5/20 + v**4/12 + v**3/2 - v**2 - 12*v. Let x(l) = -l**3 + 4*l**2 - 3*l + 3. Let g be x(3). Determine a(g).
-11
Let w(x) = 26*x**2 + 4*x + 2. Let r(v) = -15*v**2 - 3*v - 1. Let l(n) = 7*r(n) + 4*w(n). Let d be 5/(-4)*(-4)/(-1). What is l(d)?
1
Suppose -32*a + 7 = -25. Let o(j) = 17*j**3 + 2*j - 1. Give o(a).
18
Let n(g) be the first derivative of -7*g - 1/4*g**4 - 4 - 2*g**3 + 3*g**2. Let d(x) = x**2 - 7*x - 1. Let p be d(6). Determine n(p).
0
Let r(f) = -2 + 5 - 6 + f**2 + 0*f**2 - 2*f. Determine r(4).
5
Let i(t) be the second derivative of -t**5/120 + 7*t**4/24 - 7*t**3 + 26*t. Let h(c) be the second derivative of i(c). Determine h(5).
2
Suppose -5*k + 12*k = 14. Let a(n) = -n**2 + 49 + 4*n - 51 + 0*n**k. Calculate a(4).
-2
Let p(r) = 2*r**3 + 2*r**2 - 2*r + 1. Let x be p(1). Let m(k) = 5*k - x*k - 2*k**2 + 5*k**2. Suppose 12 = 54*f - 60*f. What is m(f)?
8
Let x(i) be the first derivative of -12*i + 37 - 1/3*i**3 - 5*i**2. What is x(-9)?
-3
Let x(j) = -j**3 + 7*j**2 - 7*j + 4. Let z be (6/(-4))/(12/(-16)). Suppose -r = z*r - 4*s - 34, 4*r + 3*s - 12 = 0. Calculate x(r).
-2
Let h(p) = p**2 + 8*p + 10. Let r be (-3)/2*(2 + -4). Suppose -9 = -z + r. Suppose -5*o - 48 = 4*a, 2*a + 2*a + z = 4*o. Calculate h(a).
3
Let b(n) = -21*n - 6. Let w(r) = -355*r - 105. Let d(h) = -35*b(h) + 2*w(h). Determine d(-1).
-25
Suppose -6*g + 9*g + 102 = 0. Let b be (-639)/(-21) - (-16)/28. Let q = g + b. Let o(h) = -h**3 - 3*h**2 + 4. Give o(q).
4
Let p(w) = w**3 - 8*w**2 + 8*w - 1. Suppose f = -3*v + 4*v - 8, -5*f - 5 = 0. What is p(v)?
6
Let l(f) = 3*f + 7. Suppose 5*b - 30 - 30 = 0. Suppose -4*a + 2*g + 24 = 0, a - 2*g + b = -6*g. Suppose a*x + 19 = n, x - 2*n = 3*n. Determine l(x).
-8
Let c = -711 - -713. Let v(b) = -2*b**2 + 4*b - 5. Determine v(c).
-5
Let b(z) = 9*z - 21. Let d(c) = -2*c + 4. Let o(y) = b(y) + 5*d(y). What is o(1)?
-2
Let d(z) be the third derivative of 0*z + 1/8*z**4 + 0 - 4*z**2 + 0*z**3. Let n(y) = y**3 + 7*y**2 + 10*y + 18. Let f be n(-6). Determine d(f).
-18
Let q(g) = -g**2 + 4*g + 1. Let b be (-3)/((-6)/4)*-2. Let l be (-12)/b + 9/(-3). Suppose 24 = 4*t - l*t. What is q(t)?
-11
Let b(m) = m**3 - 3*m**2 - 12*m - 19. Let x(c) = -c - 5. Let t(h) = b(h) - 5*x(h). Determine t(4).
-6
Let n(p) = p**2 - 6*p + 5. Let s = -27 - -16. Let m = 43 - 27. Let k = s + m. Determine n(k).
0
Let u(m) be the third derivative of m**6/120 - m**5/6 + 3*m**4/8 + m**3/2 - 7*m**2 + m. Determine u(9).
3
Let k(u) = -3*u - 56. Let t(j) = -2*j - 35. Let p(r) = 5*k(r) - 8*t(r). Determine p(-4).
-4
Let z be (-16)/(-6)*120/(-80). Let d(b) = -b - 2. Calculate d(z).
2
Let k(b) = b**3 - 22*b**2 + b - 8. Suppose -5*o - 7 = -p, 2*p = -3*p - 3*o + 119. Give k(p).
14
Let d be -3 + 9/3 + 2 + -2. Suppose 7*k = -d*k - k. Let j(u) = -u**2 - u - 3. Determine j(k).
-3
Suppose -5*a + 2*l = 4*l - 5, 0 = -2*l. Let y be a + -3 - (-1 - 6)*1. Let s(v) = v - 11. Give s(y).
-6
Let p(b) = b**2 - b + 6. Let t be ((-132)/(-99))/((-4)/6) - -2. Calculate p(t).
6
Let o(u) be the third derivative of -11*u**4/24 + u**3/3 - 75*u**2. Give o(1).
-9
Let i(u) be the first derivative of -u**4/4 + 10*u**3/3 - 7*u**2/2 + 2*u - 315. Give i(9).
20
Suppose -4*t = -4*q + 392, 3*q + 4*t - 8*t - 294 = 0. Let k be q/28 - 2/(-4). Let c(f) be the second derivative of f**3/6 - 3*f**2/2 - 4*f. What is c(k)?
1
Let b(y) = 2*y**2 - y**3 - 49*y - 3*y**2 + 2*y**2 + 5*y**2 - 10 + 67*y. Calculate b(8).
6
Suppose 4*q - 9 + 1 = 0. Let j(u) = -5*u + 3 + 6*u**q + 2*u - 3*u**2. Let m = 16 - 14. What is j(m)?
9
Suppose 3*n + 1 - 17 = -4*p, -3*p + 12 = 4*n. Suppose -3*u - 9 = p*k, -3*k + 6 = -0*k - 2*u. Let d(b) = 2*b - b - 2 + 0. Determine d(k).
-2
Let n(t) be the second derivative of t**4/3 - t**3/6 - 3*t**2/2 + 220*t. Determine n(2).
11
Let i be (2 - 1)/((-19)/247). Let w(b) = -2*b - 22. What is w(i)?
4
Let z be 3 + -3 + 0 + -5. Let x(a) = a**2 + 6*a. Let g be x(z). Let b(v) be the first derivative of v**3/3 + 5*v**2/2 - 4*v + 4. Give b(g).
-4
Let k = -32 + 26. Let t(a) = -7*a - 44. Determine t(k).
-2
Let z = -5 + 8. Let p(m) = 0*m + 4*m - z*m. Suppose h + 3*u = 4*h - 6, -5*u - 15 = 0. Give p(h).
-1
Let s(d) = -14*d + 5 - 7*d + 31*d - 7*d. Let h be s(5). Suppose 5*b + 10 + h = 0. Let z(o) = -o**3 - 6*o**2 + o - 4. Give z(b).
-10
Let f(a) be the third derivative of -a**7/840 + a**5/120 + 5*a**4/12 - 10*a**2. Let y(i) be the second derivative of f(i). Give y(-2).
-11
Suppose -2*m + 2*w = 6*w + 2, 2*m + 8 = 2*w. Let p(g) = -g**2 - g - 4. Calculate p(m).
-10
Let x(s) = s**3 - 5*s**2 + 2*s + 1. Let l = -5 + 2. Let u be (-42)/(-18) - l/(-9). Let p be (u/3)/((-12)/(-36)). Give x(p).
-7
Let p(x) = -39 - x**3 + 25*x - 23*x - 4*x**2 + 22 + 27 - x**2. Calculate p(-5).
0
Let r(f) = f + 5. Let z(b) = 74 - 2*b - b**2 + 10*b - 87. Let t be z(6). Let i be (-5 - t)/4 - -1. What is r(i)?
5
Let y = 103 + -96. Let z(r) = 2*r + 7. Give z(y).
21
Let o = -2 + 2. Let b(h) be the second derivative of h**5/20 + h**4/12 + h**3/6 - h**2/2 + 3*h + 45. Give b(o).
-1
Let u(k) = 52*k + 46*k - 164*k + k**2 + 52*k - 4. What is u(14)?
-4
Let b(m) = m**2 + 3 + 26*m - 2 + 13*m**3 - 28*m. Let j(g) = 1 + 0 - 2 + 2*g. Let h be j(1). Determine b(h).
13
Let u(n) be the second derivative of -n**5/20 + 7*n**4/12 - n**3/2 - 28*n - 4. Give u(7).
-21
Let t(p) = -2*p - 1. Suppose 0*o = -f + o + 15, -79 = -5*f + 4*o. Suppose -9 = -3*x - 0*h - 3*h, -5*x + f = h. Give t(x).
-9
Suppose -m + 25 = 5*w, -5*m + 9 = 2*w - 24. Let h be 1 - (4 - (w - 1)). Let z(y) = -y**2 - 4. Calculate z(h).
-4
Suppose 0*w + 42 = 3*w. Suppose -12 = m - 6*m + j, -4*m = -3*j - w. Let n(i) = 5 - i**2 + m*i + 1 + 3*i. Give n(6).
0
Let m(u) = -20*u**3 + 20*u**2 + 26*u - 3. Let y(l) = -7*l**3 + 7*l**2 + 9*l - 1. Let b(n) = 6*m(n) - 17*y(n). Give b(2).
1
Suppose 310 = -3*d - 4*u, -71 - 29 = d + 2*u. Let c = -104 - d. Let r(q) = 0 - q**2 + 2*q + 4 + 4. What is r(c)?
-16
Let d = 2496 + -2491. Let k(g) = -9*g + 31. Calculate k(d).
-14
Let x(g) = 12*g**3 - g**2 + g + 1. Let d be (3 + 33/(-9))*(-12)/(-8). What is x(d)?
-13
Let m(w) = 3*w + 4 - 3*w**2 + 6 - 4. Let j(o) = -5*o**2 + 4*o + 9. Let g(l) = -5*j(l) + 8*m(l). Give g(-6).
15
Let q(b) = 4*b - 1. Let p(n) = -n. Let s(h) = -h**2 - 14*h - 16. Let i be s(-13). Let r(u) = i*p(u) - q(u). Calculate r(3).
-2
Let c(a) = -2*a**2 - 3*a + 2. Let p be c(-3). Let x(s) be the second derivative of 0 + 5/2*s**2 + 1/20*s**5 + 3/2*s**3 + 7*s + 2/3*s**4. Give x(p).
-9
Let q(k) be the second derivative of -k**4/12 + k**3/6 - 7*k**2/2 - 11*k. Let y be 0/((-2)/(4/(-2))). What is q(y)?
-7
Let t(z) = 5*z**2 + 7*z - 2. Let i(b) = -9*b**2 - 13*b + 4. Let l(p) = -6*i(p) - 11*t(p). Determine l(5).
-22
Suppose 38*o - d = 35*o, o = -2*d + 14. Let r(h) be the first derivative of 3*h**4/4 - h**3 + 3*h**2/2 - 3*h + 1. What is r(o)?
15
Let j(m) = -2*m**2 + 9 - 2 - 8*m + m**2 + 1. Determine j(-8).
8
Let a(l) = 8*l**3 - l**2 -